{"id":572,"date":"2022-01-29T01:18:23","date_gmt":"2022-01-29T01:18:23","guid":{"rendered":"https:\/\/pruebacetis.cleversolutions.mx\/?page_id=572"},"modified":"2023-10-13T15:18:24","modified_gmt":"2023-10-13T21:18:24","slug":"tecnico-en-programacion","status":"publish","type":"page","link":"https:\/\/cbtis171.edu.mx\/?page_id=572","title":{"rendered":"T\u00e9cnico en Programaci\u00f3n"},"content":{"rendered":"\t\t<div data-elementor-type=\"wp-page\" data-elementor-id=\"572\" class=\"elementor elementor-572\" data-elementor-post-type=\"page\">\n\t\t\t\t\t\t<section class=\"elementor-section elementor-top-section elementor-element elementor-element-95d3e92 elementor-section-boxed elementor-section-height-default elementor-section-height-default\" data-id=\"95d3e92\" data-element_type=\"section\" data-e-type=\"section\">\n\t\t\t\t\t\t<div class=\"elementor-container elementor-column-gap-default\">\n\t\t\t\t\t<div class=\"elementor-column elementor-col-100 elementor-top-column elementor-element elementor-element-43a6821\" data-id=\"43a6821\" data-element_type=\"column\" data-e-type=\"column\">\n\t\t\t<div class=\"elementor-widget-wrap elementor-element-populated\">\n\t\t\t\t\t\t<div class=\"elementor-element elementor-element-eb80e2e elementor-widget elementor-widget-heading\" data-id=\"eb80e2e\" data-element_type=\"widget\" data-e-type=\"widget\" data-widget_type=\"heading.default\">\n\t\t\t\t<div class=\"elementor-widget-container\">\n\t\t\t\t\t<h2 class=\"elementor-heading-title elementor-size-default\">T\u00e9cnico en Programaci\u00f3n<\/h2>\t\t\t\t<\/div>\n\t\t\t\t<\/div>\n\t\t\t\t\t<\/div>\n\t\t<\/div>\n\t\t\t\t\t<\/div>\n\t\t<\/section>\n\t\t\t\t<section class=\"elementor-section elementor-top-section elementor-element elementor-element-3dfa9e1 elementor-section-boxed elementor-section-height-default elementor-section-height-default\" data-id=\"3dfa9e1\" data-element_type=\"section\" data-e-type=\"section\">\n\t\t\t\t\t\t<div class=\"elementor-container elementor-column-gap-default\">\n\t\t\t\t\t<div class=\"elementor-column elementor-col-100 elementor-top-column elementor-element elementor-element-6cdc075\" data-id=\"6cdc075\" data-element_type=\"column\" data-e-type=\"column\">\n\t\t\t<div class=\"elementor-widget-wrap elementor-element-populated\">\n\t\t\t\t\t\t<div class=\"elementor-element elementor-element-0560475 elementor-widget elementor-widget-image\" data-id=\"0560475\" data-element_type=\"widget\" data-e-type=\"widget\" data-widget_type=\"image.default\">\n\t\t\t\t<div class=\"elementor-widget-container\">\n\t\t\t\t\t\t\t\t\t\t\t\t\t\t\t<img fetchpriority=\"high\" decoding=\"async\" width=\"800\" height=\"623\" src=\"https:\/\/cbtis171.edu.mx\/wp-content\/uploads\/2022\/06\/programacion1-1024x797.jpg\" class=\"attachment-large size-large wp-image-1658\" alt=\"\" srcset=\"https:\/\/cbtis171.edu.mx\/wp-content\/uploads\/2022\/06\/programacion1-1024x797.jpg 1024w, https:\/\/cbtis171.edu.mx\/wp-content\/uploads\/2022\/06\/programacion1-300x234.jpg 300w, https:\/\/cbtis171.edu.mx\/wp-content\/uploads\/2022\/06\/programacion1-768x598.jpg 768w, https:\/\/cbtis171.edu.mx\/wp-content\/uploads\/2022\/06\/programacion1.jpg 1256w\" sizes=\"(max-width: 800px) 100vw, 800px\" \/>\t\t\t\t\t\t\t\t\t\t\t\t\t\t\t<\/div>\n\t\t\t\t<\/div>\n\t\t\t\t\t<\/div>\n\t\t<\/div>\n\t\t\t\t\t<\/div>\n\t\t<\/section>\n\t\t\t\t<section class=\"elementor-section elementor-top-section elementor-element elementor-element-774ce83 elementor-section-boxed elementor-section-height-default elementor-section-height-default\" data-id=\"774ce83\" data-element_type=\"section\" data-e-type=\"section\">\n\t\t\t\t\t\t<div class=\"elementor-container elementor-column-gap-default\">\n\t\t\t\t\t<div class=\"elementor-column elementor-col-100 elementor-top-column elementor-element elementor-element-26d794a\" data-id=\"26d794a\" data-element_type=\"column\" data-e-type=\"column\">\n\t\t\t<div class=\"elementor-widget-wrap elementor-element-populated\">\n\t\t\t\t\t\t<div class=\"elementor-element elementor-element-23dbcee elementor-widget elementor-widget-text-editor\" data-id=\"23dbcee\" data-element_type=\"widget\" data-e-type=\"widget\" data-widget_type=\"text-editor.default\">\n\t\t\t\t<div class=\"elementor-widget-container\">\n\t\t\t\t\t\t\t\t\t<p><strong>1.2 Justificaci\u00f3n de la carrera<\/strong><\/p><p>En el contexto nacional la formaci\u00f3n de T\u00e9cnicos en: Programaci\u00f3n es relevante porque: contribuye a la formaci\u00f3n de personas capaces de integrarse a un mercado laboral din\u00e1mico y de alta demanda, que esta a la vanguardia en el uso de la tecnolog\u00eda y que contribuye a la transformaci\u00f3n digital de los sectores productivos en el pa\u00eds.<\/p><p>La carrera de T\u00e9cnico en Programaci\u00f3n desarrolla en el estudiante las siguientes: Competencias profesionales:<\/p><ul><li>Desarrolla software de aplicaci\u00f3n con programaci\u00f3n estructurada<\/li><li>Aplica metodolog\u00edas de desarrollo de software utilizando herramientas de programaci\u00f3n visual<\/li><li>Desarrolla aplicaciones Web<\/li><li>Desarrolla software de aplicaci\u00f3n Web con almacenamiento persistente de datos<\/li><li>Desarrolla aplicaciones para dispositivos m\u00f3viles<\/li><\/ul><p>\u00a0<\/p><p>Facilitando al egresado su incorporaci\u00f3n al mundo laboral en: diversos sitios de inserci\u00f3n como: empresas de desarrollo de software, Instituciones bancarias, Sector gubernamental, as\u00ed como en los sectores productivos donde se requiera automatizar procesos mediante la implementaci\u00f3n de software hecho a la medida o en el desarrollo de procesos productivos independientes, de acuerdo con sus intereses profesionales y necesidades de su entorno social.<\/p><p>\u00a0<\/p><p>Para lograr las competencias el estudiante inicia la formaci\u00f3n profesional, en el segundo semestre y la concluye en el sexto.<\/p><p>Los primeros tres m\u00f3dulos de la carrera t\u00e9cnica tienen una duraci\u00f3n de 272 horas cada uno, y los dos \u00faltimos de 192, un total de 1200 horas de formaci\u00f3n profesional.<\/p><p>Cabe destacar que los m\u00f3dulos de formaci\u00f3n profesional tienen car\u00e1cter transdisciplinario, por cuanto corresponden con objetos y procesos de transformaci\u00f3n que implica la integraci\u00f3n de saberes de distintas disciplinas.<\/p><p>\u00a0<\/p><p>Adem\u00e1s de lo anterior, se identifican los est\u00e1ndares de competencia del CONOCER que tienen una relaci\u00f3n directa con la carrera: EC0160\u00a0\u00a0 Desarrollo de c\u00f3digo de software<\/p><p>EC0727\u00a0\u00a0 Desarrollo de aplicaciones web y m\u00f3viles<\/p><p>EC0726 Configuraci\u00f3n de sistemas operativos de aplicaciones y servicios EC0711\u00a0\u00a0 Administraci\u00f3n de soluciones de e-learnnig y comercio electr\u00f3nico<\/p>\t\t\t\t\t\t\t\t<\/div>\n\t\t\t\t<\/div>\n\t\t\t\t\t<\/div>\n\t\t<\/div>\n\t\t\t\t\t<\/div>\n\t\t<\/section>\n\t\t\t\t<section class=\"elementor-section elementor-top-section elementor-element elementor-element-cb216db elementor-section-boxed elementor-section-height-default elementor-section-height-default\" data-id=\"cb216db\" data-element_type=\"section\" data-e-type=\"section\">\n\t\t\t\t\t\t<div class=\"elementor-container elementor-column-gap-default\">\n\t\t\t\t\t<div class=\"elementor-column elementor-col-100 elementor-top-column elementor-element elementor-element-33b8103\" data-id=\"33b8103\" data-element_type=\"column\" data-e-type=\"column\">\n\t\t\t<div class=\"elementor-widget-wrap elementor-element-populated\">\n\t\t\t\t\t\t<div class=\"elementor-element elementor-element-0647a1f elementor-widget elementor-widget-text-editor\" data-id=\"0647a1f\" data-element_type=\"widget\" data-e-type=\"widget\" data-widget_type=\"text-editor.default\">\n\t\t\t\t<div class=\"elementor-widget-container\">\n\t\t\t\t\t\t\t\t\t<p><strong>1.3 Perfil de egreso<\/strong><\/p><p>La formaci\u00f3n que ofrece la carrera de T\u00e9cnico en Programaci\u00f3n permite al egresado, a trav\u00e9s de la articulaci\u00f3n de saberes de diversos campos, realizar actividades dirigidas al desarrollo de software de aplicaci\u00f3n en plataformas de escritorio, Web y m\u00f3viles, utilizando los paradigmas de programaci\u00f3n estructurada, programaci\u00f3n orientada a objetos y programaci\u00f3n orientada a eventos, aplicando metodolog\u00edas de la Ingenier\u00eda de Software.<\/p><p>\u00a0<\/p><p>Durante el proceso de formaci\u00f3n de los cinco m\u00f3dulos, el estudiante desarrollar\u00e1 o reforzar\u00e1 las siguientes competencias profesionales:<\/p><ul><li>Desarrolla software de aplicaci\u00f3n con programaci\u00f3n estructurada<\/li><li>Aplica metodolog\u00edas de desarrollo de software utilizando herramientas de programaci\u00f3n visual<\/li><li>Desarrolla aplicaciones Web<\/li><li>Desarrolla software de aplicaci\u00f3n Web con almacenamiento persistente de datos<\/li><li>Desarrolla aplicaciones para dispositivos m\u00f3viles<\/li><\/ul><p>El egresado de la carrera de T\u00e9cnico en Programaci\u00f3n est\u00e1 en posibilidades de demostrar las: Competencias gen\u00e9ricas:<\/p><ul><li>Escucha, interpreta y emite mensajes pertinentes en distintos contextos mediante la utilizaci\u00f3n de medios, c\u00f3digos y herramientas<\/li><\/ul><p>apropiados.<\/p><ul><li>Desarrolla innovaciones y propone soluciones a problemas a partir de m\u00e9todos establecidos.<\/li><li>Sustenta una postura personal sobre temas de inter\u00e9s y relevancia general, considerando otros puntos de vista de manera cr\u00edtica y reflexiva.<\/li><li>Aprende por iniciativa e inter\u00e9s propio a lo largo de la vida.<\/li><li>Participa y colabora de manera efectiva en equipos diversos.<\/li><\/ul><p>\u00a0<\/p><p>Competencias disciplinares:<\/p><ul><li>C1 Identifica, ordena e interpreta las ideas, datos y conceptos expl\u00edcitos e impl\u00edcitos en un texto, considerando el contexto en el que se gener\u00f3 y en el que se<\/li><li>C12 Utiliza las tecnolog\u00edas de la informaci\u00f3n y comunicaci\u00f3n para investigar, resolver problemas, producir materiales y transmitir informaci\u00f3n.<\/li><li>CE9 Dise\u00f1a modelos o prototipos para resolver problemas, satisfacer necesidades o demostrar principios cient\u00edficos.<\/li><li>H4 Distingue la importancia de la ciencia y la tecnolog\u00eda y su trascendencia en el desarrollo de su comunidad con fundamentos filos\u00f3ficos.<\/li><li>M1 Construye e interpreta modelos matem\u00e1ticos deterministas o aleatorios mediante la aplicaci\u00f3n de procedimientos aritm\u00e9ticos, algebraicos, geom\u00e9tricos y variacionales, para la comprensi\u00f3n y an\u00e1lisis de situaciones reales o<\/li><li>M4 Argumenta la soluci\u00f3n obtenida de un problema, con m\u00e9todos num\u00e9ricos, gr\u00e1ficos, anal\u00edticos o variacionales, mediante el lenguaje verbal,<\/li><\/ul><p>matem\u00e1tico y el uso de las tecnolog\u00edas de la informaci\u00f3n y la comunicaci\u00f3n.<\/p><ul><li>M8 Interpreta tablas, gr\u00e1ficas, mapas, diagramas y textos con s\u00edmbolos matem\u00e1ticos y cient\u00edficos.<\/li><\/ul><p>\u00a0<\/p><p>Competencias de Productividad y empleabilidad:<\/p><ul><li>Utilizar la comunicaci\u00f3n efectiva para identificar las necesidades del cliente.<\/li><li>Se adapta para un cambio positivo.<\/li><li>AD5 Aceptar y aplicar los cambios de los procedimientos y de las herramientas de trabajo<\/li><li>AP3 Registrar y revisar informaci\u00f3n para asegurar que sea correcta<\/li><li>CE2 Sustentar sus ideas y puntos de vista con argumentos, basados en evidencia, hechos y datos<\/li><li>EP8 Actuar responsablemente de acuerdo con las normas y disposiciones definidas en un espacio<\/li><li>OL2 Dise\u00f1ar y utilizar indicadores para medir y comprobar los resultados<\/li><li>OL4 Trabajar hasta alcanzar las metas o retos propuestos<\/li><li>OM6 Revisar las acciones llevadas a cabo con el fin de realizar mejoras y adaptarlas a los procedimientos<\/li><li>PO3 Definir sistemas y esquemas de trabajo<\/li><li>Establecer prioridades y tiempos.<\/li><li>PO5 Organizar y distribuir adecuadamente el cumplimiento de los objetivos y corregir las desviaciones si fuera necesario<\/li><li>RI5 Mantener informados a sus colaboradores de los objetivos, responsabilidades y avances de las tareas<\/li><li>TE1 Cumplir compromisos de trabajo en<\/li><li>TE2 Valorar las fortalezas de cada integrante del<\/li><li>TE5 Cumplir compromisos de trabajo en<\/li><\/ul><p>\u00a0<\/p><p>Es importante recordar que, en este modelo educativo, el egresado de la educaci\u00f3n media superior desarrolla las competencias gen\u00e9ricas a partir de la contribuci\u00f3n de las competencias profesionales al componente de formaci\u00f3n profesional, y no en forma aislada e individual, sino a trav\u00e9s de una propuesta de formaci\u00f3n integral, en un marco de diversidad<\/p>\t\t\t\t\t\t\t\t<\/div>\n\t\t\t\t<\/div>\n\t\t\t\t\t<\/div>\n\t\t<\/div>\n\t\t\t\t\t<\/div>\n\t\t<\/section>\n\t\t\t\t<section class=\"elementor-section elementor-top-section elementor-element elementor-element-314488f elementor-section-boxed elementor-section-height-default elementor-section-height-default\" data-id=\"314488f\" data-element_type=\"section\" data-e-type=\"section\">\n\t\t\t\t\t\t<div class=\"elementor-container elementor-column-gap-default\">\n\t\t\t\t\t<div class=\"elementor-column elementor-col-100 elementor-top-column elementor-element elementor-element-cdf56fd\" data-id=\"cdf56fd\" data-element_type=\"column\" data-e-type=\"column\">\n\t\t\t<div class=\"elementor-widget-wrap elementor-element-populated\">\n\t\t\t\t\t\t<div class=\"elementor-element elementor-element-19bc55e elementor-widget elementor-widget-image\" data-id=\"19bc55e\" data-element_type=\"widget\" data-e-type=\"widget\" data-widget_type=\"image.default\">\n\t\t\t\t<div class=\"elementor-widget-container\">\n\t\t\t\t\t\t\t\t\t\t\t\t\t\t\t<img decoding=\"async\" width=\"800\" height=\"591\" src=\"https:\/\/cbtis171.edu.mx\/wp-content\/uploads\/2022\/06\/programacion2-1024x756.jpg\" class=\"attachment-large size-large wp-image-1659\" alt=\"\" srcset=\"https:\/\/cbtis171.edu.mx\/wp-content\/uploads\/2022\/06\/programacion2-1024x756.jpg 1024w, https:\/\/cbtis171.edu.mx\/wp-content\/uploads\/2022\/06\/programacion2-300x221.jpg 300w, https:\/\/cbtis171.edu.mx\/wp-content\/uploads\/2022\/06\/programacion2-768x567.jpg 768w, https:\/\/cbtis171.edu.mx\/wp-content\/uploads\/2022\/06\/programacion2.jpg 1106w\" sizes=\"(max-width: 800px) 100vw, 800px\" \/>\t\t\t\t\t\t\t\t\t\t\t\t\t\t\t<\/div>\n\t\t\t\t<\/div>\n\t\t\t\t\t<\/div>\n\t\t<\/div>\n\t\t\t\t\t<\/div>\n\t\t<\/section>\n\t\t\t\t<section class=\"elementor-section elementor-top-section elementor-element elementor-element-3eda9ed elementor-section-boxed elementor-section-height-default elementor-section-height-default\" data-id=\"3eda9ed\" data-element_type=\"section\" data-e-type=\"section\">\n\t\t\t\t\t\t<div class=\"elementor-container elementor-column-gap-default\">\n\t\t\t\t\t<div class=\"elementor-column elementor-col-100 elementor-top-column elementor-element elementor-element-17ee188\" data-id=\"17ee188\" data-element_type=\"column\" data-e-type=\"column\">\n\t\t\t<div class=\"elementor-widget-wrap elementor-element-populated\">\n\t\t\t\t\t\t<div class=\"elementor-element elementor-element-38dc001 elementor-widget elementor-widget-text-editor\" data-id=\"38dc001\" data-element_type=\"widget\" data-e-type=\"widget\" data-widget_type=\"text-editor.default\">\n\t\t\t\t<div class=\"elementor-widget-container\">\n\t\t\t\t\t\t\t\t\t<ul><li><a href=\"https:\/\/cbtis171.edu.mx\/wp-content\/uploads\/2022\/06\/planprogramacion.pdf\" target=\"_blank\" rel=\"noopener\">Descargar Plan de Estudios<\/a><\/li><\/ul>\t\t\t\t\t\t\t\t<\/div>\n\t\t\t\t<\/div>\n\t\t\t\t\t<\/div>\n\t\t<\/div>\n\t\t\t\t\t<\/div>\n\t\t<\/section>\n\t\t\t\t<\/div>\n\t\t","protected":false},"excerpt":{"rendered":"<p>T\u00e9cnico en Programaci\u00f3n 1.2 Justificaci\u00f3n de la carrera En el contexto nacional la formaci\u00f3n de T\u00e9cnicos en: Programaci\u00f3n es relevante porque: contribuye a la formaci\u00f3n de personas capaces de integrarse a un mercado laboral din\u00e1mico y de alta demanda, que esta a la vanguardia en el uso de la tecnolog\u00eda y que contribuye a la [&hellip;]<\/p>\n","protected":false},"author":1,"featured_media":0,"parent":0,"menu_order":0,"comment_status":"closed","ping_status":"closed","template":"","meta":{"footnotes":""},"class_list":["post-572","page","type-page","status-publish","hentry"],"_links":{"self":[{"href":"https:\/\/cbtis171.edu.mx\/index.php?rest_route=\/wp\/v2\/pages\/572","targetHints":{"allow":["GET"]}}],"collection":[{"href":"https:\/\/cbtis171.edu.mx\/index.php?rest_route=\/wp\/v2\/pages"}],"about":[{"href":"https:\/\/cbtis171.edu.mx\/index.php?rest_route=\/wp\/v2\/types\/page"}],"author":[{"embeddable":true,"href":"https:\/\/cbtis171.edu.mx\/index.php?rest_route=\/wp\/v2\/users\/1"}],"replies":[{"embeddable":true,"href":"https:\/\/cbtis171.edu.mx\/index.php?rest_route=%2Fwp%2Fv2%2Fcomments&post=572"}],"version-history":[{"count":0,"href":"https:\/\/cbtis171.edu.mx\/index.php?rest_route=\/wp\/v2\/pages\/572\/revisions"}],"wp:attachment":[{"href":"https:\/\/cbtis171.edu.mx\/index.php?rest_route=%2Fwp%2Fv2%2Fmedia&parent=572"}],"curies":[{"name":"wp","href":"https:\/\/api.w.org\/{rel}","templated":true}]}}