{"id":503,"date":"2022-01-29T00:46:05","date_gmt":"2022-01-29T00:46:05","guid":{"rendered":"https:\/\/pruebacetis.cleversolutions.mx\/?page_id=503"},"modified":"2023-10-13T15:16:43","modified_gmt":"2023-10-13T21:16:43","slug":"tecnico-en-construccion","status":"publish","type":"page","link":"https:\/\/cbtis171.edu.mx\/?page_id=503","title":{"rendered":"T\u00e9cnico en Mantenimiento Automotriz"},"content":{"rendered":"\t\t<div data-elementor-type=\"wp-page\" data-elementor-id=\"503\" class=\"elementor elementor-503\" data-elementor-post-type=\"page\">\n\t\t\t\t\t\t<section class=\"elementor-section elementor-top-section elementor-element elementor-element-648ab0b elementor-section-boxed elementor-section-height-default elementor-section-height-default\" data-id=\"648ab0b\" data-element_type=\"section\" data-e-type=\"section\">\n\t\t\t\t\t\t<div class=\"elementor-container elementor-column-gap-default\">\n\t\t\t\t\t<div class=\"elementor-column elementor-col-100 elementor-top-column elementor-element elementor-element-f0e23da\" data-id=\"f0e23da\" data-element_type=\"column\" data-e-type=\"column\">\n\t\t\t<div class=\"elementor-widget-wrap elementor-element-populated\">\n\t\t\t\t\t\t<div class=\"elementor-element elementor-element-517c445 elementor-widget elementor-widget-heading\" data-id=\"517c445\" data-element_type=\"widget\" data-e-type=\"widget\" data-widget_type=\"heading.default\">\n\t\t\t\t<div class=\"elementor-widget-container\">\n\t\t\t\t\t<h2 class=\"elementor-heading-title elementor-size-default\">T\u00e9cnico en Mantenimiento Automotriz<\/h2>\t\t\t\t<\/div>\n\t\t\t\t<\/div>\n\t\t\t\t\t<\/div>\n\t\t<\/div>\n\t\t\t\t\t<\/div>\n\t\t<\/section>\n\t\t\t\t<section class=\"elementor-section elementor-top-section elementor-element elementor-element-a2af760 elementor-section-boxed elementor-section-height-default elementor-section-height-default\" data-id=\"a2af760\" data-element_type=\"section\" data-e-type=\"section\">\n\t\t\t\t\t\t<div class=\"elementor-container elementor-column-gap-default\">\n\t\t\t\t\t<div class=\"elementor-column elementor-col-100 elementor-top-column elementor-element elementor-element-6fcd7bf\" data-id=\"6fcd7bf\" data-element_type=\"column\" data-e-type=\"column\">\n\t\t\t<div class=\"elementor-widget-wrap elementor-element-populated\">\n\t\t\t\t\t\t<div class=\"elementor-element elementor-element-e732b94 elementor-widget elementor-widget-image\" data-id=\"e732b94\" data-element_type=\"widget\" data-e-type=\"widget\" data-widget_type=\"image.default\">\n\t\t\t\t<div class=\"elementor-widget-container\">\n\t\t\t\t\t\t\t\t\t\t\t\t\t\t\t<img fetchpriority=\"high\" decoding=\"async\" width=\"800\" height=\"618\" src=\"https:\/\/cbtis171.edu.mx\/wp-content\/uploads\/2023\/07\/automotriz1-1024x791.jpg\" class=\"attachment-large size-large wp-image-3383\" alt=\"\" srcset=\"https:\/\/cbtis171.edu.mx\/wp-content\/uploads\/2023\/07\/automotriz1-1024x791.jpg 1024w, https:\/\/cbtis171.edu.mx\/wp-content\/uploads\/2023\/07\/automotriz1-300x232.jpg 300w, https:\/\/cbtis171.edu.mx\/wp-content\/uploads\/2023\/07\/automotriz1-768x593.jpg 768w, https:\/\/cbtis171.edu.mx\/wp-content\/uploads\/2023\/07\/automotriz1.jpg 1250w\" sizes=\"(max-width: 800px) 100vw, 800px\" \/>\t\t\t\t\t\t\t\t\t\t\t\t\t\t\t<\/div>\n\t\t\t\t<\/div>\n\t\t\t\t\t<\/div>\n\t\t<\/div>\n\t\t\t\t\t<\/div>\n\t\t<\/section>\n\t\t\t\t<section class=\"elementor-section elementor-top-section elementor-element elementor-element-acf83f0 elementor-section-boxed elementor-section-height-default elementor-section-height-default\" data-id=\"acf83f0\" data-element_type=\"section\" data-e-type=\"section\">\n\t\t\t\t\t\t<div class=\"elementor-container elementor-column-gap-default\">\n\t\t\t\t\t<div class=\"elementor-column elementor-col-100 elementor-top-column elementor-element elementor-element-d63b7dc\" data-id=\"d63b7dc\" data-element_type=\"column\" data-e-type=\"column\">\n\t\t\t<div class=\"elementor-widget-wrap elementor-element-populated\">\n\t\t\t\t\t\t<div class=\"elementor-element elementor-element-f1dbeb1 elementor-widget elementor-widget-text-editor\" data-id=\"f1dbeb1\" data-element_type=\"widget\" data-e-type=\"widget\" data-widget_type=\"text-editor.default\">\n\t\t\t\t<div class=\"elementor-widget-container\">\n\t\t\t\t\t\t\t\t\t<p><strong><span style=\"color: #404041; font-family: montserrat, Helvetica, Arial, sans-serif; font-size: 18px; text-align: justify;\">1.2 Justificaci\u00f3n de la carrera<\/span><\/strong><\/p><p>En el contexto (regional \/ nacional) la formaci\u00f3n de T\u00e9cnicos en: Mantenimiento Automotriz es relevante porque ofrece las competencias profesionales que permiten al estudiante prestar servicios en \u00e1reas de mantenimiento automotriz, capaces de proporcionar mantenimiento al autom\u00f3vil moderno, que exige cada vez mayor y mejor preparaci\u00f3n tanto en \u00e1reas mec\u00e1nicas como en electr\u00f3nica y electricidad.<\/p><p>\u00a0Asimismo podr\u00e1 desarrollar competencias gen\u00e9ricas relacionadas principalmente con la participaci\u00f3n en los procesos de comunicaci\u00f3n en distintos contextos, la integraci\u00f3n efectiva a los equipos de trabajo y la intervenci\u00f3n consciente, desde su comunidad en particular, en el pa\u00eds y el mundo en general, todo con apego al cuidado del medio ambiente. En base al sector productivo, se incorporar al programa de estudios algunas competencias de productividad y empleabilidad, las cuales comprueban que se est\u00e1n formando t\u00e9cnicos capaces de desarrollar sus habilidades, destrezas, conocimientos y actitudes para poder incorporarse de forma exitosa al sector productivo.\u00a0<\/p><p>La formaci\u00f3n profesional se inicia en el segundo semestre y se concluye en el sexto semestre, desarrollando en este lapso de tiempo las competencias: mantiene los sistemas el\u00e9ctricos y electr\u00f3nicos del autom\u00f3vil, mantiene el motor de combusti\u00f3n interna, mantiene los sistemas de control electr\u00f3nico del motor de combusti\u00f3n interna, mantiene el sistema de transmisi\u00f3n del autom\u00f3vil y mantiene los sistemas de suspensi\u00f3n, direcci\u00f3n y frenos del autom\u00f3vil.\u00a0<\/p><p>Todas estas competencias posibilitan al egresado su incorporaci\u00f3n al mundo laboral o desarrollar procesos productivos independientes, de acuerdo con sus intereses profesionales o las necesidades en su entorno social.\u00a0<\/p><p>Los primeros tres m\u00f3dulos de la carrera t\u00e9cnica tienen una duraci\u00f3n de 272 horas cada uno, y los dos \u00faltimos de 192, un total de 1200 horas de formaci\u00f3n profesional<\/p>\t\t\t\t\t\t\t\t<\/div>\n\t\t\t\t<\/div>\n\t\t\t\t\t<\/div>\n\t\t<\/div>\n\t\t\t\t\t<\/div>\n\t\t<\/section>\n\t\t\t\t<section class=\"elementor-section elementor-top-section elementor-element elementor-element-9d2cbe3 elementor-section-boxed elementor-section-height-default elementor-section-height-default\" data-id=\"9d2cbe3\" data-element_type=\"section\" data-e-type=\"section\">\n\t\t\t\t\t\t<div class=\"elementor-container elementor-column-gap-default\">\n\t\t\t\t\t<div class=\"elementor-column elementor-col-100 elementor-top-column elementor-element elementor-element-ba2e55f\" data-id=\"ba2e55f\" data-element_type=\"column\" data-e-type=\"column\">\n\t\t\t<div class=\"elementor-widget-wrap elementor-element-populated\">\n\t\t\t\t\t\t<div class=\"elementor-element elementor-element-932e636 elementor-widget elementor-widget-text-editor\" data-id=\"932e636\" data-element_type=\"widget\" data-e-type=\"widget\" data-widget_type=\"text-editor.default\">\n\t\t\t\t<div class=\"elementor-widget-container\">\n\t\t\t\t\t\t\t\t\t<p><strong><span style=\"color: #404041; font-family: montserrat, Helvetica, Arial, sans-serif; font-size: 18px; text-align: justify;\">1.3 Perfil de egreso<\/span><\/strong><\/p><p>La formaci\u00f3n que ofrece la carrera de T\u00e9cnico en Mantenimiento Automotriz permite al egresado, a trav\u00e9s de la articulaci\u00f3n de saberes de<br \/>diversos campos, realizar actividades dirigidas a la empleabilidad y productividad en el \u00e1rea de mantenimiento automotriz.<\/p><p><br \/>Durante el proceso de formaci\u00f3n de los cinco m\u00f3dulos, el estudiante desarrollar\u00e1 o reforzar\u00e1 las siguientes competencias profesionales:<br \/>\u2022 Mantiene los sistemas el\u00e9ctricos y electr\u00f3nicos del autom\u00f3vil <br \/>\u2022 Mantiene el motor de combusti\u00f3n interna <br \/>\u2022 Mantiene los sistemas de control electr\u00f3nico del motor de combusti\u00f3n interna <br \/>\u2022 Mantiene el sistema de transmisi\u00f3n del autom\u00f3vil <br \/>\u2022 Mantiene los sistemas de suspensi\u00f3n, direcci\u00f3n y frenos del autom\u00f3vil<\/p><p><br \/>El egresado de la carrera de T\u00e9cnico en Mantenimiento Automotriz est\u00e1 en posibilidades de demostrar las:<\/p><p><br \/>Competencias gen\u00e9ricas:<br \/>\u2022 Se conoce y valora a s\u00ed mismo y aborda problemas y retos teniendo en cuenta los objetivos que persigue <br \/>\u2022 Desarrolla innovaciones y propone soluciones a problemas a partir de m\u00e9todos establecidos<br \/>\u2022 Aprende por iniciativa e inter\u00e9s propio a lo largo de la vida <br \/>\u2022 Participa y colabora de manera efectiva en equipos diversos <br \/><br \/><\/p><p>Competencias disciplinares:<br \/>\u2022 Ciencias experimentales<br \/>\u2022 Matem\u00e1ticas <br \/><br \/><\/p><p>Competencias de Productividad y empleabilidad:<br \/>\u2022 Atenci\u00f3n al proceso <br \/>\u2022 Adaptabilidad<br \/>\u2022 Planeaci\u00f3n y organizaci\u00f3n <br \/>\u2022 Atenci\u00f3n al cliente<br \/><br \/><\/p><p>Es importante recordar que, en este modelo educativo, el egresado de la educaci\u00f3n media superior desarrolla las competencias gen\u00e9ricas a partir de la contribuci\u00f3n de las competencias profesionales al componente de formaci\u00f3n profesional, y no en forma aislada e individual, sino a trav\u00e9s de una propuesta de formaci\u00f3n integral, en un marco de diversidad<\/p>\t\t\t\t\t\t\t\t<\/div>\n\t\t\t\t<\/div>\n\t\t\t\t\t<\/div>\n\t\t<\/div>\n\t\t\t\t\t<\/div>\n\t\t<\/section>\n\t\t\t\t<section class=\"elementor-section elementor-top-section elementor-element elementor-element-60436f4 elementor-section-boxed elementor-section-height-default elementor-section-height-default\" data-id=\"60436f4\" data-element_type=\"section\" data-e-type=\"section\">\n\t\t\t\t\t\t<div class=\"elementor-container elementor-column-gap-default\">\n\t\t\t\t\t<div class=\"elementor-column elementor-col-100 elementor-top-column elementor-element elementor-element-0676f55\" data-id=\"0676f55\" data-element_type=\"column\" data-e-type=\"column\">\n\t\t\t<div class=\"elementor-widget-wrap elementor-element-populated\">\n\t\t\t\t\t\t<div class=\"elementor-element elementor-element-ebe41de elementor-widget elementor-widget-image\" data-id=\"ebe41de\" data-element_type=\"widget\" data-e-type=\"widget\" data-widget_type=\"image.default\">\n\t\t\t\t<div class=\"elementor-widget-container\">\n\t\t\t\t\t\t\t\t\t\t\t\t\t\t\t<img decoding=\"async\" width=\"800\" height=\"596\" src=\"https:\/\/cbtis171.edu.mx\/wp-content\/uploads\/2023\/07\/automotriz2-1024x763.jpg\" class=\"attachment-large size-large wp-image-3384\" alt=\"\" srcset=\"https:\/\/cbtis171.edu.mx\/wp-content\/uploads\/2023\/07\/automotriz2-1024x763.jpg 1024w, https:\/\/cbtis171.edu.mx\/wp-content\/uploads\/2023\/07\/automotriz2-300x224.jpg 300w, https:\/\/cbtis171.edu.mx\/wp-content\/uploads\/2023\/07\/automotriz2-768x572.jpg 768w, https:\/\/cbtis171.edu.mx\/wp-content\/uploads\/2023\/07\/automotriz2.jpg 1084w\" sizes=\"(max-width: 800px) 100vw, 800px\" \/>\t\t\t\t\t\t\t\t\t\t\t\t\t\t\t<\/div>\n\t\t\t\t<\/div>\n\t\t\t\t\t<\/div>\n\t\t<\/div>\n\t\t\t\t\t<\/div>\n\t\t<\/section>\n\t\t\t\t<section class=\"elementor-section elementor-top-section elementor-element elementor-element-a9502fa elementor-section-boxed elementor-section-height-default elementor-section-height-default\" data-id=\"a9502fa\" data-element_type=\"section\" data-e-type=\"section\">\n\t\t\t\t\t\t<div class=\"elementor-container elementor-column-gap-default\">\n\t\t\t\t\t<div class=\"elementor-column elementor-col-100 elementor-top-column elementor-element elementor-element-6705a91\" data-id=\"6705a91\" data-element_type=\"column\" data-e-type=\"column\">\n\t\t\t<div class=\"elementor-widget-wrap elementor-element-populated\">\n\t\t\t\t\t\t<div class=\"elementor-element elementor-element-08f4788 elementor-widget elementor-widget-text-editor\" data-id=\"08f4788\" data-element_type=\"widget\" data-e-type=\"widget\" data-widget_type=\"text-editor.default\">\n\t\t\t\t<div class=\"elementor-widget-container\">\n\t\t\t\t\t\t\t\t\t<ul><li><a href=\"https:\/\/cbtis171.edu.mx\/wp-content\/uploads\/2023\/07\/planmantenimientoautomotriz2016.pdf\" target=\"_blank\" rel=\"noopener\">Descargar Plan de Estudios<\/a><\/li><\/ul>\t\t\t\t\t\t\t\t<\/div>\n\t\t\t\t<\/div>\n\t\t\t\t\t<\/div>\n\t\t<\/div>\n\t\t\t\t\t<\/div>\n\t\t<\/section>\n\t\t\t\t<\/div>\n\t\t","protected":false},"excerpt":{"rendered":"<p>T\u00e9cnico en Mantenimiento Automotriz 1.2 Justificaci\u00f3n de la carrera En el contexto (regional \/ nacional) la formaci\u00f3n de T\u00e9cnicos en: Mantenimiento Automotriz es relevante porque ofrece las competencias profesionales que permiten al estudiante prestar servicios en \u00e1reas de mantenimiento automotriz, capaces de proporcionar mantenimiento al autom\u00f3vil moderno, que exige cada vez mayor y mejor preparaci\u00f3n [&hellip;]<\/p>\n","protected":false},"author":1,"featured_media":0,"parent":0,"menu_order":0,"comment_status":"closed","ping_status":"closed","template":"","meta":{"footnotes":""},"class_list":["post-503","page","type-page","status-publish","hentry"],"_links":{"self":[{"href":"https:\/\/cbtis171.edu.mx\/index.php?rest_route=\/wp\/v2\/pages\/503","targetHints":{"allow":["GET"]}}],"collection":[{"href":"https:\/\/cbtis171.edu.mx\/index.php?rest_route=\/wp\/v2\/pages"}],"about":[{"href":"https:\/\/cbtis171.edu.mx\/index.php?rest_route=\/wp\/v2\/types\/page"}],"author":[{"embeddable":true,"href":"https:\/\/cbtis171.edu.mx\/index.php?rest_route=\/wp\/v2\/users\/1"}],"replies":[{"embeddable":true,"href":"https:\/\/cbtis171.edu.mx\/index.php?rest_route=%2Fwp%2Fv2%2Fcomments&post=503"}],"version-history":[{"count":0,"href":"https:\/\/cbtis171.edu.mx\/index.php?rest_route=\/wp\/v2\/pages\/503\/revisions"}],"wp:attachment":[{"href":"https:\/\/cbtis171.edu.mx\/index.php?rest_route=%2Fwp%2Fv2%2Fmedia&parent=503"}],"curies":[{"name":"wp","href":"https:\/\/api.w.org\/{rel}","templated":true}]}}